2 + 6*c + 30. Let n be g(w). Let x(i) = i**2 - i + 8 - 15 + 5 - 3*i**n + 3*i. What is x(2)?
-18
Let i(s) = 281*s + 146*s + 19 - 430*s. Calculate i(-4).
31
Let v(o) be the third derivative of 0*o - 2 - 1/60*o**5 - 2*o**2 - 1/2*o**3 + 0*o**4. Give v(-3).
-12
Suppose -4*c + 5 = 2*g + 11, -2*g + c + 9 = 0. Let z(w) = 2*w - 2*w - g + 0 - w. Determine z(7).
-10
Let w(u) be the first derivative of u**6/120 - u**5/60 - u**4/12 + u**3/6 + 26*u**2 + 32. Let r(a) be the second derivative of w(a). Give r(3).
13
Let l(b) = b. Let q be 17/7 - 51/119. Let r(w) = 2*w**2 + 3*w. Let t(z) = q*l(z) - r(z). What is t(2)?
-10
Let d(l) = -70*l - 159. Let r(a) = 74*a + 145. Let o(u) = -5*d(u) - 4*r(u). Calculate o(-4).
-1
Let s = -5 - 0. Let v(f) = -89 + 4*f - 3*f + f + 177 - 78. What is v(s)?
0
Let x(y) = -y**3 - 9*y**2 - 7*y + 5. Suppose -43*z = -49*z + 336. Suppose 161*c = 154*c - z. Calculate x(c).
-3
Let s(n) = 1015 + 2*n**3 - 3*n**3 + 1015 - 8*n + n**2 + 2*n - 2026. Calculate s(2).
-12
Let s(d) = -5*d**2 + 6*d + 1. Let h(p) = -p**2 - p. Let g(b) = 5*h(b) + s(b). Let i = 14 + -10. Suppose -i*t - 25 + 21 = 0. Give g(t).
-10
Let z be 92/(-23) + (-18)/(-2). Let u(b) = 6 + 5*b**2 + 1048*b**3 - z*b - 523*b**3 - 524*b**3. Determine u(-6).
0
Let s(b) = -6*b + 2. Let d = 375 + -376. Let r be (-1)/d - (11 + -11). Calculate s(r).
-4
Let k = -216 + 225. Let z(y) = -1 - y + k*y + y**2 + 3 - 8*y - 5*y. Calculate z(5).
2
Let p(o) be the first derivative of o**2/2 - 6*o + 82. Let r be p(12). Let y(a) = a**2 - 9*a + 2. What is y(r)?
-16
Let a(p) = 7*p**2 + 18*p - 2. Let j(g) = 119 - 28*g - 11*g**2 - 116 + 0*g**2. Let i(q) = 8*a(q) + 5*j(q). What is i(-5)?
4
Let j(p) = 2*p - 3. Let v(q) = q**2 - 13*q - 11. Let t be v(11). Let k = t - -34. Let w be 2 + k*(-5 + -3). Calculate j(w).
-15
Let h(l) be the third derivative of -7*l**4/24 - 11*l**3/6 - 97*l**2. Let r(c) = -6*c - 11. Let z(m) = 4*h(m) - 5*r(m). What is z(-7)?
-3
Let r(w) = 9*w**2 - 32*w + 38. Let j(i) = 7*i**2 - 33*i + 38. Let x(l) = -4*j(l) + 3*r(l). Let h be x(35). Let g(o) = 3*o. Calculate g(h).
-9
Let i(c) = -47*c**2 + 1 - 2176*c + 2176*c. What is i(1)?
-46
Let u(q) be the third derivative of q**6/360 + q**5/30 + 89*q**4/12 - 3*q**2 + 15. Let j(f) be the second derivative of u(f). Give j(-5).
-6
Let q be 3/4 + (186/(-24) - -7). Suppose 3*k = -q*k - 36. Let b(n) = n**2 + 13*n + 3. Give b(k).
-9
Let v = 7556 + -15105/2. Let c(h) be the first derivative of -1/3*h**3 - 22 - v*h**2 - 4*h. What is c(-3)?
8
Let v(s) = 2*s**2 - 26*s + 30. Let y be 5/((-15)/6) + 14. Let i be v(y). Let c(u) be the first derivative of u**4/4 - 7*u**3/3 + 4*u**2 + 2*u - 18. Give c(i).
14
Let j(c) = -3 - 2 + 2 - 2*c. Let k = -722 - -1127. Suppose 6*f + 417 = k. What is j(f)?
1
Let o(n) = 52*n - 79 - 55*n + 148 - 66. Suppose -12 = -0*j + 5*j + m, -2*m + 9 = -j. Calculate o(j).
12
Let j(z) = z**3 + 18*z**2 - 18*z + 21. Suppose -2*c - 12 - 2 = 8*s, 0 = -4*s + 12. Calculate j(c).
2
Let p(t) = -t**3 + 2*t**2 + 2*t. Suppose 28*s = 32*s - 68. Suppose -s*g + 55 = -13. Calculate p(g).
-24
Let k(w) = -w**2 + 31*w + 94. Let y(a) = -12*a**2 - 151*a - 50. Let r be y(-12). Give k(r).
-8
Let a(h) be the second derivative of h - 3*h**2 + 1/3*h**3 - 51. Let z(l) = l**3 - 6*l**2 + 6*l + 1. Let r be z(5). What is a(r)?
6
Let w(a) = -a**2 + 5*a - 4. Let z(m) be the second derivative of m**5/20 - 19*m**4/12 + 3*m**3 + 2*m**2 - 21*m. Let t be z(18). Determine w(t).
0
Let z(d) = 1050*d - d**3 + 12 - 1057*d - 2*d**3 - 8*d**2. Let t(h) = -h**3 + h**2 + h. Let a(m) = -2*t(m) + z(m). Determine a(-9).
12
Let k(z) = -558 - z**3 - 2*z + 4*z - 2*z**2 + 556. What is k(-4)?
22
Let z(y) = 2*y**3 - y + 1. Let a be z(1). Suppose 3*c = -4*h + 144, 5*c - 185 - 55 = a*h. Let q(s) = -5 + c*s - 27*s - 23*s. Calculate q(-6).
7
Let n(v) be the second derivative of v**4/12 + 7*v**2/2 + 505*v. Suppose -a + 28 = -5*z, 2*a - 7*a = -2*z - 25. Calculate n(z).
32
Let v = -743 - -737. Let p(s) be the second derivative of -s**3/2 - 9*s**2/2 + 3*s. What is p(v)?
9
Let t(x) be the first derivative of -29*x**2/2 - 9867. Suppose -1 = -2*g + 5*g - 2*r, -2*r - 1 = -g. Calculate t(g).
29
Let s(a) = -14*a - 4. Let y(w) = 5*w + 1. Let o = -26 + 27. Let i be (-21)/(-3)*o - -1. Let n(k) = i*y(k) + 3*s(k). What is n(-6)?
8
Let v be 372/(5 + -1) + 0/3. Suppose v = 13*k + 54. Let t(p) = 0 - 5*p - 1 + p**2 + 0. Calculate t(k).
-7
Let z(n) = -7*n**2 + 6*n + 1. Let t be 2 + 4 - (-1)/1. Let j(y) = -8*y**2 + 7*y - 1. Let a(g) = t*z(g) - 6*j(g). What is a(0)?
13
Let q(r) = 34*r**2 - 100*r + 16. Let m(j) = -7*j**2 + 19*j - 3. Let u(x) = 16*m(x) + 3*q(x). Give u(2).
-32
Let z(g) be the second derivative of 31*g**3/6 + 523*g**2/2 + 3575*g. Give z(-17).
-4
Suppose 3*h + 8*c = 6*c, -4*c + 18 = -3*h. Let p(b) = 23*b + 11. Let i(l) = -7*l - 3. Let t(g) = h*p(g) - 7*i(g). What is t(4)?
11
Let n(t) = -2*t - 2. Let y be n(8). Let b be y + 15 + -1 + 2. Let d(j) = 111*j**2 + 0 + 3 - 59*j**2 - 53*j**2 + 2*j. Determine d(b).
-5
Let y(s) be the second derivative of -s**4/12 - s**3/6 + s**2/2 + 945*s. Let t = -2 - -6. Let j be (-6)/9 - t/(-6). Calculate y(j).
1
Suppose -l + 0*l = 2. Let z be (-3 + 23)/l + 4. Let t(a) = -2*a**3 + 6*a**2 - 5*a + 8. Let m(k) = k**3 + 2*k - 1. Let n(q) = -3*m(q) - t(q). Give n(z).
1
Let l(p) = p - 5 - 2*p**2 - 3*p + 7. Suppose 32 = -5*q - 53. Let x = q + 15. What is l(x)?
-2
Let u(c) = c**2 - c - 27. Let r(m) = -m**2 + 317*m - 942. Let b be r(3). Determine u(b).
-27
Let w(q) be the third derivative of q**5/60 - q**4/4 - 3*q**3 + 277*q**2. Let j be (-8)/(-2)*1*2. Give w(j).
-2
Let r(s) = 11*s**3 - 3*s**2 - 75. Let q(f) = 13*f**3 - 2*f**2 - 91. Let p(m) = 5*q(m) - 6*r(m). Determine p(8).
-5
Let t(k) = k**3 - 13*k**2 + 21*k + 13. Let i be t(11). Let m(s) = -1 + 5 + 10*s + 2*s**i + 1 - s**2. Suppose 8 = 2*n, 5 = -y + n - 7. What is m(y)?
-11
Let c(z) be the second derivative of z**6/360 + 3*z**5/40 + z**4/6 - 4*z**3 + z**2/2 + 11*z + 2. Let v(a) be the second derivative of c(a). Calculate v(-8).
-4
Let p(g) = 1. Let i(s) = -1. Let y(j) = -2*i(j) - 3*p(j). Let v(c) = 7*c**2 + 4*c + 5. Let d = 1896 + -1898. Let l(n) = d*y(n) - v(n). Give l(-2).
-23
Let f(y) = -y - 1. Let v(o) = 4*o - 6. Let g(r) = -3*f(r) - v(r). Suppose -j = 5*k - 3*j - 305, j = k - 64. Let m = -48 + k. Determine g(m).
-2
Let f(p) = 2*p**2 - 2*p + 21. Let o be 18 - (287 + -17)/15. What is f(o)?
21
Let r(u) = u**3 + 6*u**2 + 10*u + 25. Let b be r(-5). Suppose -5*n - 11 + 1 = b. Let j(k) = -3*k**2 - 3*k - 2. What is j(n)?
-8
Let q = 6967 + -6982. Let u(z) = -z**3 - 16*z**2 - 14*z + 24. Give u(q).
9
Let r(y) be the second derivative of -y**3/3 + y**2 - 7767*y. Let b = 12 + -9. Calculate r(b).
-4
Let d(f) be the first derivative of f**3/3 + 8*f - 738. Let i be (-2)/(-8) - 5/4. Let s be (-1 - i)/(-2 + 4). What is d(s)?
8
Let g = 33238 - 33236. Let b(x) = 2*x**3 - 8*x**2 + 18*x - 13. Determine b(g).
7
Let i(u) be the first derivative of u**4/4 + 2*u**3/3 - 5*u**2/2 - 7*u + 4158. Calculate i(-3).
-1
Let w(x) = -18*x**2 - x**2 + 92 - x**3 - x**2 + 3*x - 54 - x. Give w(-20).
-2
Let z(v) be the first derivative of -v**6/360 - v**5/30 - v**4/6 + 8*v**3/3 + 9. Let a(x) be the third derivative of z(x). Let f = 189 - 193. What is a(f)?
-4
Let w(n) = -n**2 + 6*n + 10. Let g = -64 + 66. Suppose -42 = -4*x - g*x. Calculate w(x).
3
Let f(b) be the third derivative of b**4/24 + 11*b**3/6 + 2258*b**2. Calculate f(-9).
2
Let q = 660 + -658. Let h(u) = 186*u**2 + 2 - 1 - 5*u - 98*u**2 - 89*u**q. Let x(l) = -l - 9. Let g be x(-6). Determine h(g).
7
Let o(f) = 15*f + 2. Let c(b) = b**2 + b + 3. Let t be c(-2). Suppose 8*a - 11*a - 20 = t*k, 2*k - 13 = 3*a. What is o(k)?
-13
Let v(k) = -k - 16. Let t be v(-8). Let u(m) = 16*m + 2. Let l(a) = -a**2 - 23*a. Let o(n) = -l(n) - u(n). Calculate o(t).
6
Suppose 25*j + 256 = 8*j + 375. Let p(u) = -9*u**2 + 9*u - 25. Let n(s) = 5*s**2 - 4*s + 13. Let i(m) = -7*n(m) - 4*p(m). What is i(j)?
2
Let h be 7*1 + 8/6*-3. Let a(y) = 2391*y**2 + 3*y + y**h - y**3 + y**3 - 1 - 1 - 2385*y**2. Suppose 3*l = -x - 14, 2*x - 5*l + 5 = -2*x. Give a(x).
8
Let n = 65 + -58. Let h(y) = 16*y - 107. Give h(n).
5
Let k(f) = -2*f**2 + 7*f - 5. Let h = 14261 + -14259. Give k(h).
1
Let v(x) = 36*x + 76. Let k be (-2 - 40/(-24))*6. Give v(k).
4
L